alculate 23755 + -23541 + (-95 - -1).
120
Calculate -14 + (6 + 77 - 8 - 3 - 5).
53
What is -89 - (-108 - (147 + -181))?
-15
What is the value of 51 + (13 - (99 - 36))?
1
Calculate (-133 - -3 - -3) + -1422 + 1452.
-97
What is the value of -139 - 0 - ((-1 + -13 - (-1359 - -1333)) + -15)?
-136
-24 + 11 + -16 + (17 - 15 - -15)
-12
Calculate 97 - (10 - (63 + -31) - -30).
89
Evaluate -1 + -22 + (11 - (14 - 7) - -10).
-9
Evaluate 3 - (-25 + 11) - 55.
-38
Evaluate -38 + ((21 - -4) + -3 - 2).
-18
What is the value of -7814 + 7713 - (1 + -1 + -44)?
-57
Evaluate (-3 + -46 - (-188 - -221)) + -2.
-84
Evaluate 247 - (22 - -99) - 212.
-86
Evaluate 196 + (133 - (103 - -111)).
115
Calculate 4 + (-27 + 20 - -37) + 10.
44
1 - ((25 - (65 + -10)) + 10)
21
What is -1584 + 1605 + (4 - (-1 - -22))?
4
Calculate 10 + -1 - (-20 - -13) - 2 - 78.
-64
What is the value of 11 + (-21 + -1 - (-1094 - -1062) - 147)?
-126
Calculate (-66 - (-86 + 27)) + 3 + (-3 - -30).
23
Calculate 9 + (40 - -17) + 6 + -4.
68
What is the value of -54 + (-24 - -58) + 30 - 92?
-82
Evaluate (-20 - (-28 - -14)) + (-24 - (-3 - -1)).
-28
1 - 130 - (8166 + -8280)
-15
Evaluate 42 - ((-29 - -72) + -24).
23
1 + 2 + -22 + 35 + -45 + 89
60
What is 16 - (2 - 1) - (13602 - 13577)?
-10
What is the value of (-176 + 124 - (-26 + 2)) + 2 + -2?
-28
Evaluate -88 - ((-39 - -104) + -89 - (-18 - -2)).
-80
What is the value of -18 - (67 - (51 - 21) - 9)?
-46
Calculate -35 - (53 + (-130 - -132)).
-90
What is the value of -4 - -17 - (-137 - -49) - 29?
72
Calculate (-2 - -23) + (-23 - -16) + 93 - 10.
97
Evaluate (0 - -3 - 24) + 49 + 9 + -3.
34
Evaluate -4 - (-6 + -59 + -1 + (-15 - (-13 - -10))).
74
What is the value of 110 + -112 - ((5 - -110) + -3) - -18?
-96
(-3 + 10 - 5 - 7 - -6) + 2
3
Calculate -7 + -20 + -38 + 18.
-47
13 + 50 + -57 + (-3 - (3 + -5))
5
What is the value of (-19 - (-86 + 44)) + -86 + -40?
-103
What is the value of 15 + -4 - (46 - 4 - (24 + -49))?
-56
What is the value of (1 - 5 - -17) + (-86 - -46 - 47)?
-74
What is the value of -927 - -980 - (45 - 3)?
11
Evaluate 15 - ((1 - 9 - (-130 - -116)) + (-3 - 1)).
13
Calculate -76 - 1 - (-48 + 13 - -24).
-66
What is the value of 11 + -49 + 19 + -21?
-40
Calculate 20 + -8 + -24 + 57 + -8 + 2.
39
Calculate -20 + 4 - (331 - 338) - (-1 + -43).
35
18 + -21 - (0 - 5) - (24 + 14 + 61)
-97
What is (-1 + 1 - -116) + (-8 - -60) + -49?
119
What is the value of 13 - -1 - (43 - (83 - 85))?
-31
What is 31 - (8 + 100 + -63)?
-14
Calculate 3 + (1 - -9 - (18 + -45 - -35)).
5
Calculate 1 - 0 - ((12 - 13) + -1 - 19).
22
What is 30 - (-26 - -5 - (58 + -65)) - (3 + 3)?
38
What is the value of (20 - (-132 - -79)) + -112?
-39
355 + -350 + -5 + 2 - -7
9
What is -9 - (2 - 14) - (7 - (90 + -20))?
66
What is (-78 - (54 + -203)) + (1 - (12 + -1 + 1))?
60
What is the value of 0 + 3 + (-8 + -4 - (18 + -14))?
-13
-1 - (3 + -6 + -1 - (10 + (6 - 15)))
4
What is 111 + -19 + -79 + 2 + 4?
19
What is 21 - 18 - -30 - 11 - 24?
-2
What is the value of -55 - 1 - (-2402 - -2413)?
-67
What is 35 - (-3 - (-14 + 13)) - 3 - -13?
47
Evaluate -322 + 301 + (65 - 0) + (12 - 0).
56
What is the value of 0 + -21 - ((47 - 49) + -13)?
-6
10 + ((-97 - -100) + (1 - -40) - 18)
36
(79 - (0 - 1)) + (28 - (39 + 11 + -11))
69
What is the value of -18 + 9 + -16 + -27 + 18?
-34
Calculate (-20 - (-3 + 1)) + 11 - -68 - (9 - 1).
53
What is the value of (-16 - 0) + (11 - 5 - 0) + -12 + 37?
15
(3 - (14 + 2) - 3) + 4 + 751 + -692
47
76 - 98 - (91 - 15)
-98
-5 + (19 - 50 - (15 + -104))
53
Calculate (73 - -17 - 2 - 15) + -1 + 8.
80
Calculate -7 + 9 + (5 + -2 + -19 - -6) + -15.
-23
Calculate (-15 - (118 + -2 + -13)) + -4 + 16.
-106
Evaluate -13 - 77 - -49 - (-5 - (1 - 11 - -7)).
-39
Calculate -13 + (96 + -57 - 64 - (6 - 0)).
-44
What is (-17 - -2) + 20 + -6 + -23?
-24
What is the value of 12 + (-26 + 5 - (-34 - -31)) + 4 + 2?
0
What is the value of 2 + -1 - (-13600 + 13657)?
-56
Evaluate -13 - ((8 - 0 - (-1 + 21)) + 79).
-80
4 + -10 + 9 - -17 - 7
13
Evaluate (3 - -9) + -5 + -14 - -19 - -37.
49
Evaluate -33 - (-14 + 10) - (-3 + 2 + 1 + 8).
-37
What is the value of -14 + (20 + 32 - -6) + 9?
53
Evaluate (-34 - -7) + -12 - (9 - 6 - 10).
-32
Calculate 20 + -4 + 7 + (20 + -24 - -99).
118
Evaluate (1542 - 1615) + (27 - -1).
-45
Calculate 11 + 7 + (11 - 13) - -13.
29
Calculate 36 + -2 + (-8 - (-3 - 2)) - (41 + -42).
32
-13 - (74 - (15 - 8 - -29))
-51
What is the value of 9 - (-3 + -58) - (0 + 19)?
51
What is the value of 29 + -105 + 10 - -73?
7
What is the value of (142 - 141) + 144 + -258?
-113
Evaluate (-209 + 90 - -107) + -18.
-30
Evaluate -40 + -104 + (24 - (14 - 14)).
-120
What is the value of (-180 - -34 - (30 - 15)) + 20 + -2?
-143
(-3157 - -3274) + (0 - 164)
-47
Evaluate -396 + 444 + (-2 + 7 - (-3 + 1)).
55
43 - -21 - (21 - (17 + 5))
65
Evaluate (20 + 25 - 33) + -16 + -1 + 19.
14
Evaluate (-75 - (-30 - 0 - -33)) + 31.
-47
Evaluate -541 + 544 + 0 + -31 + 2.
-26
Evaluate -61 + (-7 - 1 - (267 + -274) - (9 + 2)).
-73
Evaluate -2 + 0 + (11 - 24 - (-78 - -52)) - 66.
-55
Calculate -48 + 60 + 2 + (-5 - 21) + 22.
10
Calculate -199 - -324 - (-2 - (-7 - -4 - 4)).
120
What is the value of 25 - -2 - (75 + -31)?
-17
Evaluate (7 + (-3 - 1) - (192 - 193)) + -126.
-122
Evaluate (4 - -5) + 0 + 3 - 14 - 2.
-4
What is the value of -72 - (34 + -133) - 120?
-93
Evaluate -3 + 16 + (18 - (27 - (4 + 6))).
14
What is 9 + -15 + 70 + 8 - (-14 + -3 + 10)?
79
Calculate -38 - -19 - 50 - -34.
-35
What is the value of (17 + (13 - 16 - 0) - -74) + -20?
68
Calculate -69 - (-119 - -15) - 107.
-72
What is 123 + -32 + (-15 - (-7 + 13 - 4))?
74
What is the value of (28 - (18 + 9)) + (14 - 0)?
15
(0 + 10 + -18 - -5) + -2 + 91 + -9
77
What is the value of -114 + (6 - (41 - 37))?
-112
Evaluate 9 - (1 + 8 + (-8 - (22 + -21 + 23))).
32
What is -99 + 1 + 0 - (-10 + 121 + -85 + -28)?
-96
What is -68 - -31 - (12 - 5 - -6)?
-50
-55 - (5 + -21 + -27)
-12
What is the value of 14 + (9 - 18) - (11 + (-2 - 1))?
-3
What is (29 - (-23 + 9)) + (18 - -2)?
63
Evaluate 58 - (-3 + 4) - (143 - 124 - (11 + -1)).
48
Calculate (-22 - -3) + 13 - ((7 - 2) + 34 - 2).
-43
What is the value of 92 + (-93 + 64 - -31)?
94
-9740 + 9758 - (1 - 75)
92
What is the value of (-8 - (-8 - -171)) + (-195 - -219) - (-1 - 4)?
-142
Calculate (-8 + 19 - 2) + (68 - 66).
11
-1 + 1 + -1 - (-59 - (-66 - (-57 + 60)))
-11
Evaluate 3 - ((221 - 108) + -200).
90
1 + -4 - (5 - (-17 - -10 - -7 - -4))
-4
What is ((13 - 3) + 9 - 8 - 4) + -33?
-26
What is (-69 - (103 + -163)) + 12?
3
Calculate 2 + 14 + -21 + 16 - (-1 - -30).
-18
2 + -2 + 3 - ((-103 - -122) + 18)
-34
Evaluate 192 - 193 - (1 + 1 + 1 + 33).
-37
What is 14 - (58 + -19 + 25)?
-50
What is -1 + 73 + (146 - (-271 + 423))?
66
What is the value of 19 - (18 - (-2 - 11))?
-12
Evaluate (-147 + 131 - (-27 - -1)) + -2 + (-99 - -3).
-88
What is the value of -13 + (12 + 0 - (87 - 82)) - 74?
-80
2 + 2 + -24 + (-13 - 7) - -11
-29
Evaluate (1 - 21) + 7 + -32 + 31.
-14
Calculate 3 + -21 + -23 + -28 + 51.
-18
33 + (6 - 15) - 31 - (-1 - -45)
-51
-11 + -17 + 20 + 13 + -42 + 4
-33
(1 - 0 - (27 - (34 + 92 + -30))) + -8
62
What is (16 - 35) + 13 + -23 + 15?
-14
17 + (36 - 63) + 52
42
Calculate (-84 + 51 - -40) + 25.
32
What is the value of (11 - (-22 + -17)) + -39 + 36?
47
What is -20 - -19 - (69 + -2) - (-29 - (4 + -24))?
-59
What is 26 + -33 + (12 - 56) + 43?
-8
Evaluate -107 - -12 - (11 - 86).
-20
What is the value of 24 - 87 - -13 - -92?
42
Calculate -1 + -98 + (125 - (115 - -47)).
-136
Calculate 110 + 2 + 888 + -965.
35
Evaluate -5 + (2 - -7) + -2 + 3 + 8 + -9.
4
Calculate 0 + -10 + -22 + 15 + -1.
-18
(21 - 99) + 31 + -36
-83
Calculate (20 - 17) + 54 + (-66 - -42).
33
Calculate 3 - (33 - 45 - 35).
50
Calculate 26 + (14 - (-18 + -8 - 17)).
83
What is 7 - 98 - (-36 - -76 - 40)?
-91
What is -5 - (-2 + (87 - (9 - (-30 - -23))))?
-74
What is 170 - ((156 - 87) + -19)?
120
What is the value of -28 - (-7 + 14 + -69)?
34
What is 0 + 4 + -22 + 8 - (-3 + 6 - 36)?
23
(-115 - (48 + -100)) + 45
-18
-1 + (-43 - (-3 - -2)) - (382 + -391)
-34
0 + -11 + -2 - (-197 - (-129 - 54))
1
Calculate -75 + 55 + (18 - 9) + 113.
102
What is (4 - (2 + -1)) + 2111 + -2062?
52
Calculate (-3 + 1 - 1 - (-2 - 0)) + (10 - 6).
3
What is 52 - ((-23 + 8 - -29) + 6)?
32
Calculate -19 + 8 + 28 + 11 - (0 + -16).
44
What 